{"id":521,"date":"2019-02-24T20:01:58","date_gmt":"2019-02-24T19:01:58","guid":{"rendered":"http:\/\/ratze.nilart.se\/?page_id=521"},"modified":"2019-02-24T20:21:55","modified_gmt":"2019-02-24T19:21:55","slug":"bengan","status":"publish","type":"page","link":"https:\/\/ratze.se\/index.php\/familjen\/bengan\/","title":{"rendered":"Bengt &#8221;Bengan&#8221; Olsson 2003-06-25"},"content":{"rendered":"\n<p> e: Jepson <br>u: Brita <\/p>\n\n\n\n<p><strong>Namnet<\/strong> <br>Bengan \u00e4r d\u00f6pt efter\u00a0en mycket trevlig besiktningsman jag tr\u00e4ffade p\u00e5 Bilprovningen i R\u00e4ttvik en g\u00e5ng i tiden&#8230;<\/p>\n\n\n\n<p><strong>\u00c4ldst <\/strong> <br>Bengan v\u00e4xte upp tillsammans med min f\u00f6rsta hund och har delat min sorg n\u00e4r vi mist k\u00e4ra familjemedlemmar&#8230;<\/p>\n\n\n\n<p><strong>Exteri\u00f6r<\/strong> <br>Bengan har &#8221;tummar&#8221; p\u00e5 alla tassar.<br>En aning rund om magen men \u00e4ven solen har ju fl\u00e4ckar&#8230; <\/p>\n","protected":false},"excerpt":{"rendered":"<p>e: Jepson u: Brita Namnet Bengan \u00e4r d\u00f6pt efter\u00a0en mycket trevlig besiktningsman jag tr\u00e4ffade p\u00e5 Bilprovningen i R\u00e4ttvik en g\u00e5ng i tiden&#8230; \u00c4ldst Bengan v\u00e4xte upp tillsammans med min f\u00f6rsta hund och har delat min sorg n\u00e4r vi mist k\u00e4ra familjemedlemmar&#8230; Exteri\u00f6r Bengan har &#8221;tummar&#8221; p\u00e5 alla tassar.En aning rund om magen men \u00e4ven solen &hellip; <\/p>\n<p class=\"link-more\"><a href=\"https:\/\/ratze.se\/index.php\/familjen\/bengan\/\" class=\"more-link\">Forts\u00e4tt l\u00e4sa<span class=\"screen-reader-text\"> \u201dBengt &#8221;Bengan&#8221; Olsson 2003-06-25\u201d<\/span><\/a><\/p>\n","protected":false},"author":2,"featured_media":522,"parent":12,"menu_order":0,"comment_status":"closed","ping_status":"closed","template":"","meta":{"footnotes":""},"_links":{"self":[{"href":"https:\/\/ratze.se\/index.php\/wp-json\/wp\/v2\/pages\/521"}],"collection":[{"href":"https:\/\/ratze.se\/index.php\/wp-json\/wp\/v2\/pages"}],"about":[{"href":"https:\/\/ratze.se\/index.php\/wp-json\/wp\/v2\/types\/page"}],"author":[{"embeddable":true,"href":"https:\/\/ratze.se\/index.php\/wp-json\/wp\/v2\/users\/2"}],"replies":[{"embeddable":true,"href":"https:\/\/ratze.se\/index.php\/wp-json\/wp\/v2\/comments?post=521"}],"version-history":[{"count":2,"href":"https:\/\/ratze.se\/index.php\/wp-json\/wp\/v2\/pages\/521\/revisions"}],"predecessor-version":[{"id":531,"href":"https:\/\/ratze.se\/index.php\/wp-json\/wp\/v2\/pages\/521\/revisions\/531"}],"up":[{"embeddable":true,"href":"https:\/\/ratze.se\/index.php\/wp-json\/wp\/v2\/pages\/12"}],"wp:featuredmedia":[{"embeddable":true,"href":"https:\/\/ratze.se\/index.php\/wp-json\/wp\/v2\/media\/522"}],"wp:attachment":[{"href":"https:\/\/ratze.se\/index.php\/wp-json\/wp\/v2\/media?parent=521"}],"curies":[{"name":"wp","href":"https:\/\/api.w.org\/{rel}","templated":true}]}}